at is -22 (base 6) in base 10?
-14
What is 13 (base 4) in base 12?
7
-110 (base 3) to base 15
-c
Convert -25 (base 10) to base 4.
-121
What is 40 (base 9) in base 13?
2a
Convert 2 (base 16) to base 2.
10
What is -3 (base 7) in base 2?
-11
What is 2 (base 13) in base 7?
2
What is 7a (base 12) in base 2?
1011110
433 (base 6) to base 12
119
Convert -555 (base 6) to base 12.
-15b
Convert 2 (base 13) to base 3.
2
192 (base 13) to base 4
10200
Convert -5 (base 7) to base 2.
-101
What is 0 (base 8) in base 9?
0
What is 63 (base 8) in base 2?
110011
Convert 2 (base 14) to base 5.
2
What is -201 (base 4) in base 16?
-21
21 (base 3) to base 8
7
Convert 27 (base 12) to base 4.
133
What is -2 (base 11) in base 4?
-2
Convert -1 (base 6) to base 3.
-1
Convert -3 (base 8) to base 3.
-10
What is 3 (base 6) in base 15?
3
Convert -10 (base 7) to base 3.
-21
Convert -1 (base 12) to base 5.
-1
What is 201 (base 4) in base 14?
25
What is 1101 (base 4) in base 10?
81
Convert -5 (base 6) to base 8.
-5
What is 242 (base 9) in base 12?
148
What is -155 (base 7) in base 5?
-324
-11011010 (base 2) to base 3
-22002
Convert c8 (base 14) to base 16.
b0
-9 (base 15) to base 10
-9
What is 312 (base 4) in base 10?
54
What is 432 (base 7) in base 12?
163
What is -5 (base 11) in base 4?
-11
-28 (base 9) to base 7
-35
0 (base 4) to base 7
0
What is 11 (base 14) in base 2?
1111
Convert 12 (base 7) to base 15.
9
Convert -1 (base 15) to base 12.
-1
What is 166 (base 9) in base 13?
ab
Convert 54 (base 7) to base 16.
27
What is 3 (base 6) in base 5?
3
Convert -a (base 13) to base 4.
-22
-1 (base 2) to base 6
-1
What is -1010 (base 2) in base 16?
-a
50 (base 10) to base 7
101
What is -2 (base 5) in base 10?
-2
10020 (base 3) to base 7
153
Convert -1 (base 15) to base 5.
-1
Convert 21 (base 3) to base 12.
7
-20 (base 6) to base 5
-22
-3 (base 8) to base 7
-3
What is 20211 (base 3) in base 6?
504
-44 (base 6) to base 10
-28
Convert 100 (base 2) to base 12.
4
-1a (base 14) to base 15
-19
15 (base 16) to base 14
17
10221 (base 3) to base 4
1222
Convert -1203 (base 5) to base 6.
-454
15 (base 12) to base 16
11
Convert -10102 (base 3) to base 10.
-92
-d (base 14) to base 4
-31
What is 16 (base 15) in base 10?
21
Convert -21 (base 3) to base 15.
-7
-131 (base 8) to base 11
-81
Convert 10 (base 4) to base 15.
4
e (base 16) to base 13
11
Convert -1 (base 2) to base 4.
-1
Convert -100001 (base 2) to base 12.
-29
Convert 1101011 (base 2) to base 15.
72
-b (base 12) to base 9
-12
Convert 3 (base 6) to base 9.
3
2 (base 3) to base 6
2
What is 11 (base 16) in base 4?
101
What is -1111100 (base 2) in base 10?
-124
What is 221 (base 5) in base 7?
115
Convert 156 (base 14) to base 10.
272
What is -1 (base 9) in base 14?
-1
-2 (base 12) to base 4
-2
344 (base 6) to base 16
88
Convert -355 (base 7) to base 11.
-160
What is 37 (base 8) in base 2?
11111
Convert 16 (base 7) to base 5.
23
Convert 49 (base 14) to base 4.
1001
What is 30 (base 14) in base 7?
60
Convert 2 (base 11) to base 7.
2
Convert -31 (base 14) to base 9.
-47
What is 125 (base 11) in base 7?
301
Convert -32 (base 4) to base 6.
-22
-7 (base 16) to base 5
-12
What is -4 (base 8) in base 14?
-4
Convert 3 (base 6) to base 14.
3
a (base 12) to base 13
a
-114 (base 5) to base 4
-202
-2 (base 5) to base 9
-2
What is 1 (base 10) in base 9?
1
Convert b (base 16) to base 15.
b
-65 (base 9) to base 10
-59
Convert 15 (base 11) to base 14.
12
122 (base 9) to base 8
145
-d6 (base 15) to base 2
-11001001
-147 (base 9) to base 16
-7c
Convert 3 (base 10) to base 4.
3
Convert c7 (base 16) to base 7.
403
What is -27 (base 9) in base 12?
-21
-1 (base 10) to base 6
-1
What is -112 (base 5) in base 2?
-100000
-1241 (base 5) to base 4
-3010
What is 24 (base 11) in base 3?
222
What is 16 (base 11) in base 15?
12
4 (base 10) to base 14
4
Convert -1132 (base 5) to base 16.
-a7
18 (base 10) to base 13
15
What is 1 (base 6) in base 5?
1
What is 83 (base 13) in base 14?
79
Convert -71 (base 8) to base 15.
-3c
Convert 278 (base 10) to base 12.
1b2
-1 (base 8) to base 12
-1
Convert 8 (base 14) to base 15.
8
Convert 276 (base 8) to base 10.
190
Convert -100 (base 2) to base 3.
-11
Convert 31 (base 5) to base 4.
100
Convert -3 (base 8) to base 4.
-3
Convert -85 (base 11) to base 8.
-135
Convert 19 (base 10) to base 7.
25
What is -2 (base 10) in base 15?
-2
What is -117 (base 12) in base 3?
-20001
-8 (base 16) to base 14
-8
Convert 5 (base 7) to base 13.
5
What is 6 (base 7) in base 10?
6
Convert 137 (base 8) to base 2.
1011111
-4 (base 12) to base 15
-4
Convert -11 (base 2) to base 13.
-3
What is -4 (base 8) in base 4?
-10
-1 (base 16) to base 7
-1
-215 (base 7) to base 2
-1101110
Convert 532 (base 6) to base 16.
c8
16 (base 7) to base 2
1101
What is -26 (base 9) in base 5?
-44
What is 2 (base 13) in base 2?
10
-243 (base 9) to base 4
-3021
Convert -4 (base 13) to base 14.
-4
Convert -5 (base 13) to base 7.
-5
10 (base 9) to base 11
9
-11 (base 7) to base 2
-1000
Convert 254 (base 6) to base 16.
6a
-13 (base 14) to base 5
-32
Convert -192 (base 10) to base 4.
-3000
-2 (base 11) to base 5
-2
314 (base 6) to base 11
a8
1a (base 12) to base 16
16
-212 (base 4) to base 6
-102
Convert 22 (base 9) to base 6.
32
What is 100 (base 2) in base 14?
4
11 (base 10) to base 2
1011
What is 0 (base 13) in base 10?
0
Convert 303 (base 4) to base 14.
39
Convert 0 (base 3) to base 12.
0
-20 (base 16) to base 5
-112
-55 (base 12) to base 3
-2102
What is 177 (base 16) in base 10?
375
What is 2b (base 15) in base 3?
1112
86 (base 9) to base 15
53
100 (base 2) to base 4
10
What is -14 (base 10) in base 11?
-13
What is -145 (base 11) in base 5?
-1140
Convert -11100 (base 2) to base 4.
-130
3 (base 13) to base 9
3
Convert -2 (base 9) to base 15.
-2
-190 (base 10) to base 16
-be
Convert 20 (base 3) to base 9.
6
What is 2 (base 7) in base 3?
2
Convert 3 (base 12) to base 15.
3
What is -103 (base 4) in base 15?
-14
-5 (base 7) to base 8
-5
125 (base 6) to base 13
41
Convert -d (base 16) to base 6.
-21
Convert 1 (base 9) to base 10.
1
1 (base 8) to base 12
1
Convert 223 (base 6) to base 12.
73
Convert -6 (base 9) to base 13.
-6
Convert -11210 (base 3) to base 10.
-129
What is -4 (base 15) in base 9?
-4
10 (base 7) to base 6
11
Convert -16 (base 13) to base 12.
-17
Convert 0 (base 13) to base 4.
0
1 (base 6) to base 9
1
What is -28 (base 14) in base 9?
-40
What is -b (base 12) in base 9?
-12
What is -1003 (base 4) in base 13?
-52
What is -26 (base 8) in base 15?
-17
Convert 4 (base 6) to base 12.
4
Convert -12 (base 9) to base 10.
-11
What is 8 (base 15) in base 4?
20
10 (base 2) to base 15
2
Convert 3 (base 15) to base 16.
3
-100 (base 3) to base 15
-9
Convert -2 (base 16) to base 9.
-2
-5 (base 7) to base 4
-11
-3c (base 14) to base 13
-42
What is -40 (base 12) in base 6?
-120
-4 (base 14) to base 5
-4
What is -10 (base 3) in base 11?
-3
Convert -4 (base 8) to base 13.
-4
67 (base 8) to base 2
110111
What is -12 (base 14) in base 2?
-10000
What is 30 (base 5) in base 8?
17
Convert -41 (base 9) to base 8.
-45
Convert 136 (base 16) to base 12.
21a
430 (base 7) to base 10
217
What is -63 (base 10) in base 15?
-43
Convert 0 (base 9) to base 11.
0
What is -60 (base 13) in base 6?
-210
What is -21 (base 7) in base 8?
-17
a (base 13) to base 11
a
-21 (base 5) to base 9
-12
Convert 45 (base 16) to base 3.
2120
What is 3 (base 11) in base 6?
3
Convert -2b (base 12) to base 16.
-23
Convert -10 (base 5) to base 2.
-101
12221 (base 3) to base 6
424
Convert 10 (base 8) to base 15.
8
12 (base 12) to base 7
20
What is a8 (base 12) in base 3?
11202
Convert -20 (base 10) to base 4.
-110
2 (base 12) to base 5
2
What is b4 (base 15) in base 7?
331
What is -3 (base 8) in base 15?
-3
34 (base 7) to base 11
23
What is -26 (base 15) in base 12?
-30
1 (base 2) to base 13
1
-6 (base 16) to base 4
-12
Convert 91 (base 13) to base 10.
118
Convert -2 (base 13) to base 7.
-2
1 (base 12) to base 9
1
Convert 540 (base 6) to base 2.
11001100
What is 3 (base 14) in base 8?
3
Convert -152 (base 13) to base 6.
-1032
a (base 11) to base 8
12
102 (base 4) to base 15
13
What is -a5 (base 12) in base 7?
-236
Convert 10 (base 9) to base 10.
9
What is -2 (base 5) in base 7?
-2
What is 5c (base 13) in base 9?
85
-55 (base 15) to base 